{"id":678,"date":"2025-07-21T10:15:10","date_gmt":"2025-07-21T08:15:10","guid":{"rendered":"https:\/\/alu.fr\/?page_id=678"},"modified":"2025-09-03T16:48:55","modified_gmt":"2025-09-03T14:48:55","slug":"autres-alliages","status":"publish","type":"page","link":"https:\/\/alu.fr\/index.php\/autres-alliages\/","title":{"rendered":"Autres Alliages"},"content":{"rendered":"\n<p>Au-del\u00e0 de l&rsquo;<a href=\"https:\/\/alu.fr\/index.php\/as7g\/\">AS7G<\/a> et de l&rsquo;<a href=\"https:\/\/alu.fr\/index.php\/au5gt\/\">AU5GT<\/a>, certains alliages d&rsquo;aluminium sont int\u00e9ressants en termes de conductivit\u00e9 \u00e9lectrique et thermique, de finition, de r\u00e9sistance \u00e0 l&rsquo;oxydation et \u00e0 la corrosion, de mal\u00e9abilit\u00e9 et de bien d&rsquo;autres caract\u00e9ristiques.<\/p>\n\n\n\n<h2 class=\"wp-block-heading\">AS12<\/h2>\n\n\n\n<div class=\"wp-block-columns is-layout-flex wp-container-core-columns-is-layout-9d6595d7 wp-block-columns-is-layout-flex\">\n<div class=\"wp-block-column is-layout-flow wp-block-column-is-layout-flow\">\n<figure class=\"wp-block-image size-full\"><img loading=\"lazy\" decoding=\"async\" width=\"800\" height=\"632\" src=\"https:\/\/alu.fr\/wp-content\/uploads\/2022\/10\/alu_telecom.jpg\" alt=\"Exemple pi\u00e8ce t\u00e9l\u00e9communications\" class=\"wp-image-67\" srcset=\"https:\/\/alu.fr\/wp-content\/uploads\/2022\/10\/alu_telecom.jpg 800w, https:\/\/alu.fr\/wp-content\/uploads\/2022\/10\/alu_telecom-300x237.jpg 300w, https:\/\/alu.fr\/wp-content\/uploads\/2022\/10\/alu_telecom-768x607.jpg 768w\" sizes=\"auto, (max-width: 800px) 100vw, 800px\" \/><figcaption class=\"wp-element-caption\"><strong>Grande dimension, f<strong>aible \u00e9paisseur<\/strong><\/strong><br>80 cm &#8211; 2,200 kg<\/figcaption><\/figure>\n<\/div>\n\n\n\n<div class=\"wp-block-column is-layout-flow wp-block-column-is-layout-flow\">\n<figure class=\"wp-block-image size-full\"><img loading=\"lazy\" decoding=\"async\" width=\"800\" height=\"632\" src=\"https:\/\/alu.fr\/wp-content\/uploads\/2022\/10\/alu_aereo.jpg\" alt=\"\" class=\"wp-image-57\" srcset=\"https:\/\/alu.fr\/wp-content\/uploads\/2022\/10\/alu_aereo.jpg 800w, https:\/\/alu.fr\/wp-content\/uploads\/2022\/10\/alu_aereo-300x237.jpg 300w, https:\/\/alu.fr\/wp-content\/uploads\/2022\/10\/alu_aereo-768x607.jpg 768w\" sizes=\"auto, (max-width: 800px) 100vw, 800px\" \/><figcaption class=\"wp-element-caption\"><strong>Pi\u00e8ces tr\u00e8s fines &#8211; grande pr\u00e9cision<\/strong><br>0,035 \u00e0 0,150 kg<\/figcaption><\/figure>\n<\/div>\n\n\n\n<div class=\"wp-block-column is-layout-flow wp-block-column-is-layout-flow\">\n<figure class=\"wp-block-image size-full\"><img loading=\"lazy\" decoding=\"async\" width=\"800\" height=\"632\" src=\"https:\/\/alu.fr\/wp-content\/uploads\/2022\/10\/alu_elec.jpg\" alt=\"\" class=\"wp-image-60\" srcset=\"https:\/\/alu.fr\/wp-content\/uploads\/2022\/10\/alu_elec.jpg 800w, https:\/\/alu.fr\/wp-content\/uploads\/2022\/10\/alu_elec-300x237.jpg 300w, https:\/\/alu.fr\/wp-content\/uploads\/2022\/10\/alu_elec-768x607.jpg 768w\" sizes=\"auto, (max-width: 800px) 100vw, 800px\" \/><figcaption class=\"wp-element-caption\"><strong>Tr\u00e8s fine, r\u00e9alis\u00e9e en coquille, destin\u00e9e pour sous-pression<\/strong>   |   27 cm &#8211; 0,230 kg<\/figcaption><\/figure>\n<\/div>\n<\/div>\n\n\n\n<div class=\"wp-block-media-text is-stacked-on-mobile\" style=\"grid-template-columns:68% auto\"><figure class=\"wp-block-media-text__media\"><img loading=\"lazy\" decoding=\"async\" width=\"1024\" height=\"577\" src=\"https:\/\/alu.fr\/wp-content\/uploads\/2025\/09\/POSTPROD_8_1_P1003754-1024x577.jpg\" alt=\"Pi\u00e8ce alliage AS12\" class=\"wp-image-1471 size-full\" srcset=\"https:\/\/alu.fr\/wp-content\/uploads\/2025\/09\/POSTPROD_8_1_P1003754-1024x577.jpg 1024w, https:\/\/alu.fr\/wp-content\/uploads\/2025\/09\/POSTPROD_8_1_P1003754-300x169.jpg 300w, https:\/\/alu.fr\/wp-content\/uploads\/2025\/09\/POSTPROD_8_1_P1003754-768x433.jpg 768w, https:\/\/alu.fr\/wp-content\/uploads\/2025\/09\/POSTPROD_8_1_P1003754-1536x865.jpg 1536w, https:\/\/alu.fr\/wp-content\/uploads\/2025\/09\/POSTPROD_8_1_P1003754-2048x1154.jpg 2048w\" sizes=\"auto, (max-width: 1024px) 100vw, 1024px\" \/><\/figure><div class=\"wp-block-media-text__content\">\n<p><strong>Grande dimension, faibles et fortes \u00e9paisseurs<\/strong><\/p>\n<\/div><\/div>\n\n\n\n<div style=\"height:40px\" aria-hidden=\"true\" class=\"wp-block-spacer\"><\/div>\n\n\n\n<h2 class=\"wp-block-heading\">AS10G<\/h2>\n\n\n\n<p>Cet alliage est souvent utilis\u00e9 comme alternative \u00e0 l&rsquo;AS7G, permettant de conserver un maximum de ses propri\u00e9t\u00e9s int\u00e9ressantes (r\u00e9sistance, m\u00e9canique, \u00e9tanch\u00e9it\u00e9, finition), lorsque les contraintes de coul\u00e9e l&rsquo;exigent.<\/p>\n\n\n\n<div class=\"wp-block-columns is-layout-flex wp-container-core-columns-is-layout-9d6595d7 wp-block-columns-is-layout-flex\">\n<div class=\"wp-block-column is-layout-flow wp-block-column-is-layout-flow\" style=\"flex-basis:79%\">\n<figure class=\"wp-block-image size-large\"><img loading=\"lazy\" decoding=\"async\" width=\"1024\" height=\"577\" src=\"https:\/\/alu.fr\/wp-content\/uploads\/2025\/09\/POSTPROD_10_1_P1003807-1024x577.jpg\" alt=\"Pi\u00e8ce peinte alliage AS10G\" class=\"wp-image-1476\" srcset=\"https:\/\/alu.fr\/wp-content\/uploads\/2025\/09\/POSTPROD_10_1_P1003807-1024x577.jpg 1024w, https:\/\/alu.fr\/wp-content\/uploads\/2025\/09\/POSTPROD_10_1_P1003807-300x169.jpg 300w, https:\/\/alu.fr\/wp-content\/uploads\/2025\/09\/POSTPROD_10_1_P1003807-768x433.jpg 768w, https:\/\/alu.fr\/wp-content\/uploads\/2025\/09\/POSTPROD_10_1_P1003807-1536x865.jpg 1536w, https:\/\/alu.fr\/wp-content\/uploads\/2025\/09\/POSTPROD_10_1_P1003807-2048x1154.jpg 2048w\" sizes=\"auto, (max-width: 1024px) 100vw, 1024px\" \/><\/figure>\n<\/div>\n\n\n\n<div class=\"wp-block-column is-layout-flow wp-block-column-is-layout-flow\" style=\"flex-basis:25%\">\n<figure class=\"wp-block-image size-large\"><img loading=\"lazy\" decoding=\"async\" width=\"577\" height=\"1024\" src=\"https:\/\/alu.fr\/wp-content\/uploads\/2025\/09\/POSTPROD_9_2_P1003566-577x1024.jpg\" alt=\"Pi\u00e8ce peinte alliage AS10G\" class=\"wp-image-1475\" srcset=\"https:\/\/alu.fr\/wp-content\/uploads\/2025\/09\/POSTPROD_9_2_P1003566-577x1024.jpg 577w, https:\/\/alu.fr\/wp-content\/uploads\/2025\/09\/POSTPROD_9_2_P1003566-169x300.jpg 169w, https:\/\/alu.fr\/wp-content\/uploads\/2025\/09\/POSTPROD_9_2_P1003566-768x1363.jpg 768w, https:\/\/alu.fr\/wp-content\/uploads\/2025\/09\/POSTPROD_9_2_P1003566-865x1536.jpg 865w, https:\/\/alu.fr\/wp-content\/uploads\/2025\/09\/POSTPROD_9_2_P1003566-1154x2048.jpg 1154w, https:\/\/alu.fr\/wp-content\/uploads\/2025\/09\/POSTPROD_9_2_P1003566-scaled.jpg 1442w\" sizes=\"auto, (max-width: 577px) 100vw, 577px\" \/><\/figure>\n<\/div>\n<\/div>\n\n\n\n<div style=\"height:40px\" aria-hidden=\"true\" class=\"wp-block-spacer\"><\/div>\n\n\n\n<div class=\"wp-block-columns is-layout-flex wp-container-core-columns-is-layout-9d6595d7 wp-block-columns-is-layout-flex\">\n<div class=\"wp-block-column is-layout-flow wp-block-column-is-layout-flow\">\n<figure class=\"wp-block-image size-full\"><img loading=\"lazy\" decoding=\"async\" width=\"800\" height=\"632\" src=\"https:\/\/alu.fr\/wp-content\/uploads\/2022\/10\/alu_sport.jpg\" alt=\"\" class=\"wp-image-66\" srcset=\"https:\/\/alu.fr\/wp-content\/uploads\/2022\/10\/alu_sport.jpg 800w, https:\/\/alu.fr\/wp-content\/uploads\/2022\/10\/alu_sport-300x237.jpg 300w, https:\/\/alu.fr\/wp-content\/uploads\/2022\/10\/alu_sport-768x607.jpg 768w\" sizes=\"auto, (max-width: 800px) 100vw, 800px\" \/><\/figure>\n<\/div>\n\n\n\n<div class=\"wp-block-column is-layout-flow wp-block-column-is-layout-flow\">\n<h2 class=\"wp-block-heading\">AG3T<\/h2>\n\n\n\n<p><strong>Grande mal\u00e9abilit\u00e9<\/strong><br>Pliable jusqu&rsquo;\u00e0 90\u00b0 d&rsquo;angle<\/p>\n<\/div>\n\n\n\n<div class=\"wp-block-column is-layout-flow wp-block-column-is-layout-flow\"><\/div>\n<\/div>\n\n\n\n<div style=\"height:40px\" aria-hidden=\"true\" class=\"wp-block-spacer\"><\/div>\n\n\n\n<hr class=\"wp-block-separator has-alpha-channel-opacity\"\/>\n\n\n\n<div style=\"height:20px\" aria-hidden=\"true\" class=\"wp-block-spacer\"><\/div>\n\n\n\n<div class=\"wp-block-columns is-layout-flex wp-container-core-columns-is-layout-9d6595d7 wp-block-columns-is-layout-flex\">\n<div class=\"wp-block-column is-layout-flow wp-block-column-is-layout-flow\" style=\"flex-basis:25%\"><\/div>\n\n\n\n<div class=\"wp-block-column is-layout-flow wp-block-column-is-layout-flow\" style=\"flex-basis:60%\">\n<p class=\"has-text-align-center\"><strong>&#8230;Et bien d&rsquo;autres alliages !<\/strong><\/p>\n\n\n\n<p>\u2192 Pour une liste plus exhaustive des alliages disponibles et de leurs d\u00e9tails techniques, consultez notre <a href=\"https:\/\/alu.fr\/index.php\/proprietes\/\">page sur les propri\u00e9t\u00e9s<\/a>.<\/p>\n<\/div>\n\n\n\n<div class=\"wp-block-column is-layout-flow wp-block-column-is-layout-flow\" style=\"flex-basis:25%\"><\/div>\n<\/div>\n\n\n\n<hr class=\"wp-block-separator has-alpha-channel-opacity is-style-default\"\/>\n\n\n\n<div style=\"height:20px\" aria-hidden=\"true\" class=\"wp-block-spacer\"><\/div>\n\n\n\n<style class=\"next-previous-btns-sibling\">\n  .next-previous-btns-sibling ~ * .wp-block-button__link.wp-element-button {\n    font-size: 1.125em;\n  }\n<\/style>\n\n\n\n<div class=\"wp-block-columns is-layout-flex wp-container-core-columns-is-layout-9d6595d7 wp-block-columns-is-layout-flex\">\n<div class=\"wp-block-column is-layout-flow wp-block-column-is-layout-flow\">\n<div class=\"wp-block-buttons is-layout-flex wp-block-buttons-is-layout-flex\">\n<div class=\"wp-block-button\"><a class=\"wp-block-button__link wp-element-button\" href=\"https:\/\/alu.fr\/index.php\/as7g\/\">\u2190 AS7G<\/a><\/div>\n<\/div>\n<\/div>\n\n\n\n<div class=\"wp-block-column is-layout-flow wp-block-column-is-layout-flow\">\n<div class=\"wp-block-buttons is-content-justification-right is-layout-flex wp-container-core-buttons-is-layout-765c4724 wp-block-buttons-is-layout-flex\">\n<div class=\"wp-block-button\"><a class=\"wp-block-button__link wp-element-button\" href=\"https:\/\/alu.fr\/index.php\/au5gt\/\">AU5GT \u2192<\/a><\/div>\n<\/div>\n<\/div>\n<\/div>\n\n\n\n<div style=\"height:100px\" aria-hidden=\"true\" class=\"wp-block-spacer\"><\/div>\n","protected":false},"excerpt":{"rendered":"<p>Au-del\u00e0 de l&rsquo;AS7G et de l&rsquo;AU5GT, certains alliages d&rsquo;aluminium sont int\u00e9ressants en termes de conductivit\u00e9 \u00e9lectrique et thermique, de finition, de r\u00e9sistance \u00e0 l&rsquo;oxydation et \u00e0 la corrosion, de mal\u00e9abilit\u00e9 et de bien d&rsquo;autres caract\u00e9ristiques. AS12 Grande dimension, faibles et fortes \u00e9paisseurs AS10G Cet alliage est souvent utilis\u00e9 comme alternative \u00e0 l&rsquo;AS7G, permettant de conserver&hellip;&nbsp;<a href=\"https:\/\/alu.fr\/index.php\/autres-alliages\/\" class=\"\" rel=\"bookmark\">Lire la suite &raquo;<span class=\"screen-reader-text\">Autres Alliages<\/span><\/a><\/p>\n","protected":false},"author":1,"featured_media":0,"parent":0,"menu_order":0,"comment_status":"closed","ping_status":"closed","template":"","meta":{"neve_meta_sidebar":"","neve_meta_container":"","neve_meta_enable_content_width":"","neve_meta_content_width":0,"neve_meta_title_alignment":"","neve_meta_author_avatar":"","neve_post_elements_order":"","neve_meta_disable_header":"","neve_meta_disable_footer":"","neve_meta_disable_title":"","footnotes":""},"class_list":["post-678","page","type-page","status-publish","hentry"],"yoast_head":"<!-- This site is optimized with the Yoast SEO plugin v25.6 - https:\/\/yoast.com\/wordpress\/plugins\/seo\/ -->\n<title>Autres Alliages - Alu.fr<\/title>\n<meta name=\"description\" content=\"Certains alliages alu sont int\u00e9ressants pour la conductivit\u00e9 \u00e9lectrique et thermique, la finition, l&#039;anti-oxydation et corrosion (AS12, ...)\" \/>\n<meta name=\"robots\" content=\"index, follow, max-snippet:-1, max-image-preview:large, max-video-preview:-1\" \/>\n<link rel=\"canonical\" href=\"https:\/\/alu.fr\/index.php\/autres-alliages\/\" \/>\n<meta property=\"og:locale\" content=\"fr_FR\" \/>\n<meta property=\"og:type\" content=\"article\" \/>\n<meta property=\"og:title\" content=\"Autres Alliages - Alu.fr\" \/>\n<meta property=\"og:description\" content=\"Certains alliages alu sont int\u00e9ressants pour la conductivit\u00e9 \u00e9lectrique et thermique, la finition, l&#039;anti-oxydation et corrosion (AS12, ...)\" \/>\n<meta property=\"og:url\" content=\"https:\/\/alu.fr\/index.php\/autres-alliages\/\" \/>\n<meta property=\"og:site_name\" content=\"Alu.fr\" \/>\n<meta property=\"article:modified_time\" content=\"2025-09-03T14:48:55+00:00\" \/>\n<meta property=\"og:image\" content=\"https:\/\/alu.fr\/wp-content\/uploads\/2022\/10\/alu_telecom.jpg\" \/>\n\t<meta property=\"og:image:width\" content=\"800\" \/>\n\t<meta property=\"og:image:height\" content=\"632\" \/>\n\t<meta property=\"og:image:type\" content=\"image\/jpeg\" \/>\n<meta name=\"twitter:card\" content=\"summary_large_image\" \/>\n<meta name=\"twitter:label1\" content=\"Dur\u00e9e de lecture estim\u00e9e\" \/>\n\t<meta name=\"twitter:data1\" content=\"3 minutes\" \/>\n<script type=\"application\/ld+json\" class=\"yoast-schema-graph\">{\"@context\":\"https:\/\/schema.org\",\"@graph\":[{\"@type\":\"WebPage\",\"@id\":\"https:\/\/alu.fr\/index.php\/autres-alliages\/\",\"url\":\"https:\/\/alu.fr\/index.php\/autres-alliages\/\",\"name\":\"Autres Alliages - Alu.fr\",\"isPartOf\":{\"@id\":\"https:\/\/alu.fr\/#website\"},\"primaryImageOfPage\":{\"@id\":\"https:\/\/alu.fr\/index.php\/autres-alliages\/#primaryimage\"},\"image\":{\"@id\":\"https:\/\/alu.fr\/index.php\/autres-alliages\/#primaryimage\"},\"thumbnailUrl\":\"https:\/\/alu.fr\/wp-content\/uploads\/2022\/10\/alu_telecom.jpg\",\"datePublished\":\"2025-07-21T08:15:10+00:00\",\"dateModified\":\"2025-09-03T14:48:55+00:00\",\"description\":\"Certains alliages alu sont int\u00e9ressants pour la conductivit\u00e9 \u00e9lectrique et thermique, la finition, l'anti-oxydation et corrosion (AS12, ...)\",\"breadcrumb\":{\"@id\":\"https:\/\/alu.fr\/index.php\/autres-alliages\/#breadcrumb\"},\"inLanguage\":\"fr-FR\",\"potentialAction\":[{\"@type\":\"ReadAction\",\"target\":[\"https:\/\/alu.fr\/index.php\/autres-alliages\/\"]}]},{\"@type\":\"ImageObject\",\"inLanguage\":\"fr-FR\",\"@id\":\"https:\/\/alu.fr\/index.php\/autres-alliages\/#primaryimage\",\"url\":\"https:\/\/alu.fr\/wp-content\/uploads\/2022\/10\/alu_telecom.jpg\",\"contentUrl\":\"https:\/\/alu.fr\/wp-content\/uploads\/2022\/10\/alu_telecom.jpg\",\"width\":800,\"height\":632,\"caption\":\"Pi\u00e8ce t\u00e9l\u00e9communications\"},{\"@type\":\"BreadcrumbList\",\"@id\":\"https:\/\/alu.fr\/index.php\/autres-alliages\/#breadcrumb\",\"itemListElement\":[{\"@type\":\"ListItem\",\"position\":1,\"name\":\"Accueil\",\"item\":\"https:\/\/alu.fr\/\"},{\"@type\":\"ListItem\",\"position\":2,\"name\":\"Autres Alliages\"}]},{\"@type\":\"WebSite\",\"@id\":\"https:\/\/alu.fr\/#website\",\"url\":\"https:\/\/alu.fr\/\",\"name\":\"Alu Livry\",\"description\":\"Conception de fonderie d&#039;alliage d&#039;aluminium, recommandation et optimisation\",\"publisher\":{\"@id\":\"https:\/\/alu.fr\/#organization\"},\"potentialAction\":[{\"@type\":\"SearchAction\",\"target\":{\"@type\":\"EntryPoint\",\"urlTemplate\":\"https:\/\/alu.fr\/?s={search_term_string}\"},\"query-input\":{\"@type\":\"PropertyValueSpecification\",\"valueRequired\":true,\"valueName\":\"search_term_string\"}}],\"inLanguage\":\"fr-FR\"},{\"@type\":\"Organization\",\"@id\":\"https:\/\/alu.fr\/#organization\",\"name\":\"Alu Livry\",\"url\":\"https:\/\/alu.fr\/\",\"logo\":{\"@type\":\"ImageObject\",\"inLanguage\":\"fr-FR\",\"@id\":\"https:\/\/alu.fr\/#\/schema\/logo\/image\/\",\"url\":\"https:\/\/alu.fr\/wp-content\/uploads\/2022\/10\/logo-1.png\",\"contentUrl\":\"https:\/\/alu.fr\/wp-content\/uploads\/2022\/10\/logo-1.png\",\"width\":135,\"height\":95,\"caption\":\"Alu Livry\"},\"image\":{\"@id\":\"https:\/\/alu.fr\/#\/schema\/logo\/image\/\"},\"sameAs\":[\"https:\/\/www.linkedin.com\/company\/alu-livry\/\"]}]}<\/script>\n<!-- \/ Yoast SEO plugin. -->","yoast_head_json":{"title":"Autres Alliages - Alu.fr","description":"Certains alliages alu sont int\u00e9ressants pour la conductivit\u00e9 \u00e9lectrique et thermique, la finition, l'anti-oxydation et corrosion (AS12, ...)","robots":{"index":"index","follow":"follow","max-snippet":"max-snippet:-1","max-image-preview":"max-image-preview:large","max-video-preview":"max-video-preview:-1"},"canonical":"https:\/\/alu.fr\/index.php\/autres-alliages\/","og_locale":"fr_FR","og_type":"article","og_title":"Autres Alliages - Alu.fr","og_description":"Certains alliages alu sont int\u00e9ressants pour la conductivit\u00e9 \u00e9lectrique et thermique, la finition, l'anti-oxydation et corrosion (AS12, ...)","og_url":"https:\/\/alu.fr\/index.php\/autres-alliages\/","og_site_name":"Alu.fr","article_modified_time":"2025-09-03T14:48:55+00:00","og_image":[{"width":800,"height":632,"url":"https:\/\/alu.fr\/wp-content\/uploads\/2022\/10\/alu_telecom.jpg","type":"image\/jpeg"}],"twitter_card":"summary_large_image","twitter_misc":{"Dur\u00e9e de lecture estim\u00e9e":"3 minutes"},"schema":{"@context":"https:\/\/schema.org","@graph":[{"@type":"WebPage","@id":"https:\/\/alu.fr\/index.php\/autres-alliages\/","url":"https:\/\/alu.fr\/index.php\/autres-alliages\/","name":"Autres Alliages - Alu.fr","isPartOf":{"@id":"https:\/\/alu.fr\/#website"},"primaryImageOfPage":{"@id":"https:\/\/alu.fr\/index.php\/autres-alliages\/#primaryimage"},"image":{"@id":"https:\/\/alu.fr\/index.php\/autres-alliages\/#primaryimage"},"thumbnailUrl":"https:\/\/alu.fr\/wp-content\/uploads\/2022\/10\/alu_telecom.jpg","datePublished":"2025-07-21T08:15:10+00:00","dateModified":"2025-09-03T14:48:55+00:00","description":"Certains alliages alu sont int\u00e9ressants pour la conductivit\u00e9 \u00e9lectrique et thermique, la finition, l'anti-oxydation et corrosion (AS12, ...)","breadcrumb":{"@id":"https:\/\/alu.fr\/index.php\/autres-alliages\/#breadcrumb"},"inLanguage":"fr-FR","potentialAction":[{"@type":"ReadAction","target":["https:\/\/alu.fr\/index.php\/autres-alliages\/"]}]},{"@type":"ImageObject","inLanguage":"fr-FR","@id":"https:\/\/alu.fr\/index.php\/autres-alliages\/#primaryimage","url":"https:\/\/alu.fr\/wp-content\/uploads\/2022\/10\/alu_telecom.jpg","contentUrl":"https:\/\/alu.fr\/wp-content\/uploads\/2022\/10\/alu_telecom.jpg","width":800,"height":632,"caption":"Pi\u00e8ce t\u00e9l\u00e9communications"},{"@type":"BreadcrumbList","@id":"https:\/\/alu.fr\/index.php\/autres-alliages\/#breadcrumb","itemListElement":[{"@type":"ListItem","position":1,"name":"Accueil","item":"https:\/\/alu.fr\/"},{"@type":"ListItem","position":2,"name":"Autres Alliages"}]},{"@type":"WebSite","@id":"https:\/\/alu.fr\/#website","url":"https:\/\/alu.fr\/","name":"Alu Livry","description":"Conception de fonderie d&#039;alliage d&#039;aluminium, recommandation et optimisation","publisher":{"@id":"https:\/\/alu.fr\/#organization"},"potentialAction":[{"@type":"SearchAction","target":{"@type":"EntryPoint","urlTemplate":"https:\/\/alu.fr\/?s={search_term_string}"},"query-input":{"@type":"PropertyValueSpecification","valueRequired":true,"valueName":"search_term_string"}}],"inLanguage":"fr-FR"},{"@type":"Organization","@id":"https:\/\/alu.fr\/#organization","name":"Alu Livry","url":"https:\/\/alu.fr\/","logo":{"@type":"ImageObject","inLanguage":"fr-FR","@id":"https:\/\/alu.fr\/#\/schema\/logo\/image\/","url":"https:\/\/alu.fr\/wp-content\/uploads\/2022\/10\/logo-1.png","contentUrl":"https:\/\/alu.fr\/wp-content\/uploads\/2022\/10\/logo-1.png","width":135,"height":95,"caption":"Alu Livry"},"image":{"@id":"https:\/\/alu.fr\/#\/schema\/logo\/image\/"},"sameAs":["https:\/\/www.linkedin.com\/company\/alu-livry\/"]}]}},"_links":{"self":[{"href":"https:\/\/alu.fr\/index.php\/wp-json\/wp\/v2\/pages\/678","targetHints":{"allow":["GET"]}}],"collection":[{"href":"https:\/\/alu.fr\/index.php\/wp-json\/wp\/v2\/pages"}],"about":[{"href":"https:\/\/alu.fr\/index.php\/wp-json\/wp\/v2\/types\/page"}],"author":[{"embeddable":true,"href":"https:\/\/alu.fr\/index.php\/wp-json\/wp\/v2\/users\/1"}],"replies":[{"embeddable":true,"href":"https:\/\/alu.fr\/index.php\/wp-json\/wp\/v2\/comments?post=678"}],"version-history":[{"count":47,"href":"https:\/\/alu.fr\/index.php\/wp-json\/wp\/v2\/pages\/678\/revisions"}],"predecessor-version":[{"id":1486,"href":"https:\/\/alu.fr\/index.php\/wp-json\/wp\/v2\/pages\/678\/revisions\/1486"}],"wp:attachment":[{"href":"https:\/\/alu.fr\/index.php\/wp-json\/wp\/v2\/media?parent=678"}],"curies":[{"name":"wp","href":"https:\/\/api.w.org\/{rel}","templated":true}]}}