{"id":372,"date":"2022-10-31T18:02:02","date_gmt":"2022-10-31T17:02:02","guid":{"rendered":"http:\/\/alu.fr\/?page_id=372"},"modified":"2025-09-03T11:11:52","modified_gmt":"2025-09-03T09:11:52","slug":"usinage","status":"publish","type":"page","link":"https:\/\/alu.fr\/index.php\/usinage\/","title":{"rendered":"Usinage"},"content":{"rendered":"\n<style class=\"mobile-inverted-columns-sibling\">\n@media screen and (max-width: 781px) {\n  .mobile-inverted-columns-sibling + .wp-block-columns > .wp-block-column:first-child {\n    order: 3;\n  }\n  .mobile-inverted-columns-sibling + .wp-block-columns > .wp-block-column:last-child {\n    order: 1;\n  }\n}\n@media screen and (max-width: 1250px) and (min-width: 782px) {\n  .mobile-inverted-columns-sibling + .wp-block-columns > .wp-block-column:last-child .metaslider {\n    right: 2.5em;\n  }\n}\n<\/style>\n\n\n\n<div class=\"wp-block-columns is-layout-flex wp-container-core-columns-is-layout-9d6595d7 wp-block-columns-is-layout-flex\">\n<div class=\"wp-block-column is-layout-flow wp-block-column-is-layout-flow\">\n<p>\u00c0 l&rsquo;aide de notre mat\u00e9riel d&rsquo;usinage, nous vous proposons des traitements automatis\u00e9s de haute pr\u00e9cision pour vos pi\u00e8ces techniques.<\/p>\n\n\n\n<p><strong>Nos machines 4, 5 et 6 axes<\/strong> permettent une grande adaptation \u00e0 vos contraintes techniques. Alu Livry usine notamment tout type de pi\u00e8ce en <strong>Inconel<\/strong>, <strong>Monel<\/strong>, <strong>Inox r\u00e9fractaire<\/strong> ou <strong>mati\u00e8re plastique<\/strong>.<\/p>\n\n\n\n<hr class=\"wp-block-separator has-alpha-channel-opacity\"\/>\n\n\n\n<p>Notre cha\u00eene de traitement se prolonge ainsi jusqu&rsquo;au produit fini en optimisant les co\u00fbts et d\u00e9lais gr\u00e2ce \u00e0 nos services de <a href=\"https:\/\/alu.fr\/index.php\/fonderies\/\">fonderie d&rsquo;aluminium<\/a> sur le m\u00eame site.<\/p>\n<\/div>\n\n\n\n<div class=\"wp-block-column is-layout-flow wp-block-column-is-layout-flow\" style=\"flex-basis:2%\"><\/div>\n\n\n\n<div class=\"wp-block-column is-layout-flow wp-block-column-is-layout-flow\" style=\"flex-basis:33.33%\"><div id=\"metaslider-id-719\" style=\"width: 100%;\" class=\"ml-slider-3-100-0 metaslider metaslider-flex metaslider-719 ml-slider ms-theme-clarity has-dots-nav\" role=\"region\" aria-label=\"Usinage_machines\" data-height=\"50\" data-width=\"33\">\n    <div id=\"metaslider_container_719\">\n        <div id=\"metaslider_719\">\n            <ul aria-live='off' class='slides'>\n                <li style=\"display: block; width: 100%;\" class=\"slide-1360 ms-image \" aria-roledescription=\"slide\" data-date=\"2025-09-01 13:55:08\"><img loading=\"lazy\" decoding=\"async\" width=\"2560\" height=\"1920\" src=\"https:\/\/alu.fr\/wp-content\/uploads\/2025\/09\/Integrex100515-min-scaled.jpg\" class=\"slider-719 slide-1360 msDefaultImage\" alt=\"\" rel=\"\" title=\"Integrex100515-min\" srcset=\"https:\/\/alu.fr\/wp-content\/uploads\/2025\/09\/Integrex100515-min-scaled.jpg 2560w, https:\/\/alu.fr\/wp-content\/uploads\/2025\/09\/Integrex100515-min-300x225.jpg 300w, https:\/\/alu.fr\/wp-content\/uploads\/2025\/09\/Integrex100515-min-1024x768.jpg 1024w, https:\/\/alu.fr\/wp-content\/uploads\/2025\/09\/Integrex100515-min-768x576.jpg 768w, https:\/\/alu.fr\/wp-content\/uploads\/2025\/09\/Integrex100515-min-1536x1152.jpg 1536w, https:\/\/alu.fr\/wp-content\/uploads\/2025\/09\/Integrex100515-min-2048x1536.jpg 2048w\" sizes=\"auto, (max-width: 2560px) 100vw, 2560px\" \/><\/li>\n                <li style=\"display: none; width: 100%;\" class=\"slide-1362 ms-image \" aria-roledescription=\"slide\" data-date=\"2025-09-01 13:55:08\"><img loading=\"lazy\" decoding=\"async\" width=\"1008\" height=\"756\" src=\"https:\/\/alu.fr\/wp-content\/uploads\/2025\/09\/Haas_2018_2-min.jpg\" class=\"slider-719 slide-1362 msDefaultImage\" alt=\"\" rel=\"\" title=\"Haas_2018_2-min\" srcset=\"https:\/\/alu.fr\/wp-content\/uploads\/2025\/09\/Haas_2018_2-min.jpg 1008w, https:\/\/alu.fr\/wp-content\/uploads\/2025\/09\/Haas_2018_2-min-300x225.jpg 300w, https:\/\/alu.fr\/wp-content\/uploads\/2025\/09\/Haas_2018_2-min-768x576.jpg 768w\" sizes=\"auto, (max-width: 1008px) 100vw, 1008px\" \/><\/li>\n                <li style=\"display: none; width: 100%;\" class=\"slide-1434 ms-image \" aria-roledescription=\"slide\" data-date=\"2025-09-03 11:30:36\"><img loading=\"lazy\" decoding=\"async\" width=\"500\" height=\"367\" src=\"https:\/\/alu.fr\/wp-content\/uploads\/2022\/11\/usinage.png\" class=\"slider-719 slide-1434 msDefaultImage\" alt=\"Processus d&#039;usinage de pi\u00e8ces\" rel=\"\" title=\"usinage\" srcset=\"https:\/\/alu.fr\/wp-content\/uploads\/2022\/11\/usinage.png 500w, https:\/\/alu.fr\/wp-content\/uploads\/2022\/11\/usinage-300x220.png 300w\" sizes=\"auto, (max-width: 500px) 100vw, 500px\" \/><\/li>\n            <\/ul>\n        <\/div>\n        \n    <\/div>\n<\/div>\n<\/div>\n<\/div>\n\n\n\n<div style=\"height:20px\" aria-hidden=\"true\" class=\"wp-block-spacer\"><\/div>\n\n\n<div id=\"metaslider-id-1387\" style=\"width: 100%;\" class=\"ml-slider-3-100-0 metaslider metaslider-flex metaslider-1387 ml-slider ms-theme-default-base has-carousel-mode has-dots-nav has-carousel-mode has-dots-nav\" role=\"region\" aria-label=\"Usinage_pieces\" data-height=\"500\" data-width=\"700\">\n    <div id=\"metaslider_container_1387\">\n        <div id=\"metaslider_1387\">\n            <ul aria-live='off' class='slides'>\n                <li style=\"display: none; width: 100%;\" class=\"slide-1418 ms-image \" aria-roledescription=\"slide\" data-date=\"2025-09-02 17:32:33\"><img loading=\"lazy\" decoding=\"async\" src=\"https:\/\/alu.fr\/wp-content\/uploads\/2025\/09\/POSTPROD_3_1_P1003641-scaled-700x500.jpg\" height=\"500\" width=\"700\" alt=\"Pi\u00e8ce usin\u00e9e alliage AS7G\" class=\"slider-1387 slide-1418 msDefaultImage\" title=\"POSTPROD_3_1_P1003641\" \/><\/li>\n                <li style=\"display: none; width: 100%;\" class=\"slide-1415 ms-image \" aria-roledescription=\"slide\" data-date=\"2025-09-02 17:18:13\"><img loading=\"lazy\" decoding=\"async\" src=\"https:\/\/alu.fr\/wp-content\/uploads\/2025\/08\/POSTPROD_2_0_P1003800-scaled-700x500.jpg\" height=\"500\" width=\"700\" alt=\"Pi\u00e8ce usin\u00e9e alliage AU5GT\" class=\"slider-1387 slide-1415 msDefaultImage\" title=\"POSTPROD_2_0_P1003800\" \/><\/li>\n                <li style=\"display: none; width: 100%;\" class=\"slide-1422 ms-image \" aria-roledescription=\"slide\" data-date=\"2025-09-02 18:10:40\"><img loading=\"lazy\" decoding=\"async\" src=\"https:\/\/alu.fr\/wp-content\/uploads\/2025\/09\/POSTPROD_4_1_P1003607___AS7G-1-scaled-700x500.jpg\" height=\"500\" width=\"700\" alt=\"Pi\u00e8ce usin\u00e9e alliage AS7G\" class=\"slider-1387 slide-1422 msDefaultImage\" title=\"POSTPROD_4_1_P1003607___AS7G\" \/><\/li>\n                <li style=\"display: none; width: 100%;\" class=\"slide-1425 ms-image \" aria-roledescription=\"slide\" data-date=\"2025-09-03 10:18:31\"><img loading=\"lazy\" decoding=\"async\" src=\"https:\/\/alu.fr\/wp-content\/uploads\/2025\/09\/POSTPROD_5_1_P1003768-scaled-700x500.jpg\" height=\"500\" width=\"700\" alt=\"Pi\u00e8ce usin\u00e9e alliage AS7G\" class=\"slider-1387 slide-1425 msDefaultImage\" title=\"POSTPROD_5_1_P1003768\" \/><\/li>\n                <li style=\"display: none; width: 100%;\" class=\"slide-1428 ms-image \" aria-roledescription=\"slide\" data-date=\"2025-09-03 10:50:00\"><img loading=\"lazy\" decoding=\"async\" src=\"https:\/\/alu.fr\/wp-content\/uploads\/2025\/09\/POSTPROD_7_1_IMG_E2240-scaled-700x500.jpg\" height=\"500\" width=\"700\" alt=\"S\u00e9rie de pi\u00e8ces usin\u00e9es\" class=\"slider-1387 slide-1428 msDefaultImage\" title=\"POSTPROD_7_1_IMG_E2240\" \/><\/li>\n                <li style=\"display: none; width: 100%;\" class=\"slide-1429 ms-image \" aria-roledescription=\"slide\" data-date=\"2025-09-03 10:50:16\"><img loading=\"lazy\" decoding=\"async\" src=\"https:\/\/alu.fr\/wp-content\/uploads\/2025\/09\/POSTPROD_6_1_IMG_E2242-scaled-700x500.jpg\" height=\"500\" width=\"700\" alt=\"S\u00e9rie de pi\u00e8ces usin\u00e9es\" class=\"slider-1387 slide-1429 msDefaultImage\" title=\"POSTPROD_6_1_IMG_E2242\" \/><\/li>\n            <\/ul>\n        <\/div>\n        \n    <\/div>\n<\/div>\n\n\n\n<div style=\"display: none;\">\n\n\n<figure class=\"wp-block-post-featured-image\"><img loading=\"lazy\" decoding=\"async\" width=\"500\" height=\"367\" src=\"https:\/\/alu.fr\/wp-content\/uploads\/2022\/11\/usinage.png\" class=\"attachment-full size-full wp-post-image\" alt=\"Processus d&#039;usinage de pi\u00e8ces\" style=\"object-fit:cover;\" srcset=\"https:\/\/alu.fr\/wp-content\/uploads\/2022\/11\/usinage.png 500w, https:\/\/alu.fr\/wp-content\/uploads\/2022\/11\/usinage-300x220.png 300w\" sizes=\"auto, (max-width: 500px) 100vw, 500px\" \/><\/figure>\n\n\n<\/div>\n\n\n\n<div style=\"height:40px\" aria-hidden=\"true\" class=\"wp-block-spacer\"><\/div>\n\n\n\n<style class=\"next-previous-btns-sibling\">\n  .next-previous-btns-sibling ~ * .wp-block-button__link.wp-element-button {\n    font-size: 1.125em;\n  }\n<\/style>\n\n\n\n<div class=\"wp-block-columns is-layout-flex wp-container-core-columns-is-layout-9d6595d7 wp-block-columns-is-layout-flex\">\n<div class=\"wp-block-column is-layout-flow wp-block-column-is-layout-flow\">\n<div class=\"wp-block-buttons is-layout-flex wp-block-buttons-is-layout-flex\">\n<div class=\"wp-block-button\"><a class=\"wp-block-button__link wp-element-button\" href=\"https:\/\/alu.fr\/index.php\/iso-mecanique\/\">\u2190 Isomecanique &#8211; Usinage<\/a><\/div>\n<\/div>\n<\/div>\n\n\n\n<div class=\"wp-block-column is-layout-flow wp-block-column-is-layout-flow\">\n<div class=\"wp-block-buttons is-content-justification-right is-layout-flex wp-container-core-buttons-is-layout-765c4724 wp-block-buttons-is-layout-flex\">\n<div class=\"wp-block-button\"><a class=\"wp-block-button__link wp-element-button\" href=\"https:\/\/www.scala-mecanique.com\/\">Scala &#8211; Usinage en s\u00e9rie \u2192<\/a><\/div>\n<\/div>\n<\/div>\n<\/div>\n\n\n\n<div style=\"height:100px\" aria-hidden=\"true\" class=\"wp-block-spacer\"><\/div>\n","protected":false},"excerpt":{"rendered":"<p>\u00c0 l&rsquo;aide de notre mat\u00e9riel d&rsquo;usinage, nous vous proposons des traitements automatis\u00e9s de haute pr\u00e9cision pour vos pi\u00e8ces techniques. Nos machines 4, 5 et 6 axes permettent une grande adaptation \u00e0 vos contraintes techniques. Alu Livry usine notamment tout type de pi\u00e8ce en Inconel, Monel, Inox r\u00e9fractaire ou mati\u00e8re plastique. Notre cha\u00eene de traitement se&hellip;&nbsp;<a href=\"https:\/\/alu.fr\/index.php\/usinage\/\" class=\"\" rel=\"bookmark\">Lire la suite &raquo;<span class=\"screen-reader-text\">Usinage<\/span><\/a><\/p>\n","protected":false},"author":1,"featured_media":489,"parent":0,"menu_order":0,"comment_status":"closed","ping_status":"closed","template":"","meta":{"neve_meta_sidebar":"","neve_meta_container":"","neve_meta_enable_content_width":"","neve_meta_content_width":0,"neve_meta_title_alignment":"","neve_meta_author_avatar":"","neve_post_elements_order":"","neve_meta_disable_header":"","neve_meta_disable_footer":"","neve_meta_disable_title":"","footnotes":""},"class_list":["post-372","page","type-page","status-publish","has-post-thumbnail","hentry"],"yoast_head":"<!-- This site is optimized with the Yoast SEO plugin v25.6 - https:\/\/yoast.com\/wordpress\/plugins\/seo\/ -->\n<title>Usinage de pi\u00e8ces techniques - Alu.fr<\/title>\n<meta name=\"description\" content=\"Notre savoir en usinage 4, 5 et 6 axes offre une haute pr\u00e9cision pour vos pi\u00e8ces techniques en aluminium, Inconel, Monel et Inox r\u00e9fractaire.\" \/>\n<meta name=\"robots\" content=\"index, follow, max-snippet:-1, max-image-preview:large, max-video-preview:-1\" \/>\n<link rel=\"canonical\" href=\"https:\/\/alu.fr\/index.php\/usinage\/\" \/>\n<meta property=\"og:locale\" content=\"fr_FR\" \/>\n<meta property=\"og:type\" content=\"article\" \/>\n<meta property=\"og:title\" content=\"Usinage de pi\u00e8ces techniques - Alu.fr\" \/>\n<meta property=\"og:description\" content=\"Notre savoir en usinage 4, 5 et 6 axes offre une haute pr\u00e9cision pour vos pi\u00e8ces techniques en aluminium, Inconel, Monel et Inox r\u00e9fractaire.\" \/>\n<meta property=\"og:url\" content=\"https:\/\/alu.fr\/index.php\/usinage\/\" \/>\n<meta property=\"og:site_name\" content=\"Alu.fr\" \/>\n<meta property=\"article:modified_time\" content=\"2025-09-03T09:11:52+00:00\" \/>\n<meta property=\"og:image\" content=\"https:\/\/alu.fr\/wp-content\/uploads\/2022\/11\/usinage.png\" \/>\n\t<meta property=\"og:image:width\" content=\"500\" \/>\n\t<meta property=\"og:image:height\" content=\"367\" \/>\n\t<meta property=\"og:image:type\" content=\"image\/png\" \/>\n<meta name=\"twitter:card\" content=\"summary_large_image\" \/>\n<meta name=\"twitter:label1\" content=\"Dur\u00e9e de lecture estim\u00e9e\" \/>\n\t<meta name=\"twitter:data1\" content=\"1 minute\" \/>\n<script type=\"application\/ld+json\" class=\"yoast-schema-graph\">{\"@context\":\"https:\/\/schema.org\",\"@graph\":[{\"@type\":\"WebPage\",\"@id\":\"https:\/\/alu.fr\/index.php\/usinage\/\",\"url\":\"https:\/\/alu.fr\/index.php\/usinage\/\",\"name\":\"Usinage de pi\u00e8ces techniques - Alu.fr\",\"isPartOf\":{\"@id\":\"https:\/\/alu.fr\/#website\"},\"primaryImageOfPage\":{\"@id\":\"https:\/\/alu.fr\/index.php\/usinage\/#primaryimage\"},\"image\":{\"@id\":\"https:\/\/alu.fr\/index.php\/usinage\/#primaryimage\"},\"thumbnailUrl\":\"https:\/\/alu.fr\/wp-content\/uploads\/2022\/11\/usinage.png\",\"datePublished\":\"2022-10-31T17:02:02+00:00\",\"dateModified\":\"2025-09-03T09:11:52+00:00\",\"description\":\"Notre savoir en usinage 4, 5 et 6 axes offre une haute pr\u00e9cision pour vos pi\u00e8ces techniques en aluminium, Inconel, Monel et Inox r\u00e9fractaire.\",\"breadcrumb\":{\"@id\":\"https:\/\/alu.fr\/index.php\/usinage\/#breadcrumb\"},\"inLanguage\":\"fr-FR\",\"potentialAction\":[{\"@type\":\"ReadAction\",\"target\":[\"https:\/\/alu.fr\/index.php\/usinage\/\"]}]},{\"@type\":\"ImageObject\",\"inLanguage\":\"fr-FR\",\"@id\":\"https:\/\/alu.fr\/index.php\/usinage\/#primaryimage\",\"url\":\"https:\/\/alu.fr\/wp-content\/uploads\/2022\/11\/usinage.png\",\"contentUrl\":\"https:\/\/alu.fr\/wp-content\/uploads\/2022\/11\/usinage.png\",\"width\":500,\"height\":367,\"caption\":\"Processus d'usinage de pi\u00e8ces\"},{\"@type\":\"BreadcrumbList\",\"@id\":\"https:\/\/alu.fr\/index.php\/usinage\/#breadcrumb\",\"itemListElement\":[{\"@type\":\"ListItem\",\"position\":1,\"name\":\"Accueil\",\"item\":\"https:\/\/alu.fr\/\"},{\"@type\":\"ListItem\",\"position\":2,\"name\":\"Usinage\"}]},{\"@type\":\"WebSite\",\"@id\":\"https:\/\/alu.fr\/#website\",\"url\":\"https:\/\/alu.fr\/\",\"name\":\"Alu Livry\",\"description\":\"Conception de fonderie d&#039;alliage d&#039;aluminium, recommandation et optimisation\",\"publisher\":{\"@id\":\"https:\/\/alu.fr\/#organization\"},\"potentialAction\":[{\"@type\":\"SearchAction\",\"target\":{\"@type\":\"EntryPoint\",\"urlTemplate\":\"https:\/\/alu.fr\/?s={search_term_string}\"},\"query-input\":{\"@type\":\"PropertyValueSpecification\",\"valueRequired\":true,\"valueName\":\"search_term_string\"}}],\"inLanguage\":\"fr-FR\"},{\"@type\":\"Organization\",\"@id\":\"https:\/\/alu.fr\/#organization\",\"name\":\"Alu Livry\",\"url\":\"https:\/\/alu.fr\/\",\"logo\":{\"@type\":\"ImageObject\",\"inLanguage\":\"fr-FR\",\"@id\":\"https:\/\/alu.fr\/#\/schema\/logo\/image\/\",\"url\":\"https:\/\/alu.fr\/wp-content\/uploads\/2022\/10\/logo-1.png\",\"contentUrl\":\"https:\/\/alu.fr\/wp-content\/uploads\/2022\/10\/logo-1.png\",\"width\":135,\"height\":95,\"caption\":\"Alu Livry\"},\"image\":{\"@id\":\"https:\/\/alu.fr\/#\/schema\/logo\/image\/\"},\"sameAs\":[\"https:\/\/www.linkedin.com\/company\/alu-livry\/\"]}]}<\/script>\n<!-- \/ Yoast SEO plugin. -->","yoast_head_json":{"title":"Usinage de pi\u00e8ces techniques - Alu.fr","description":"Notre savoir en usinage 4, 5 et 6 axes offre une haute pr\u00e9cision pour vos pi\u00e8ces techniques en aluminium, Inconel, Monel et Inox r\u00e9fractaire.","robots":{"index":"index","follow":"follow","max-snippet":"max-snippet:-1","max-image-preview":"max-image-preview:large","max-video-preview":"max-video-preview:-1"},"canonical":"https:\/\/alu.fr\/index.php\/usinage\/","og_locale":"fr_FR","og_type":"article","og_title":"Usinage de pi\u00e8ces techniques - Alu.fr","og_description":"Notre savoir en usinage 4, 5 et 6 axes offre une haute pr\u00e9cision pour vos pi\u00e8ces techniques en aluminium, Inconel, Monel et Inox r\u00e9fractaire.","og_url":"https:\/\/alu.fr\/index.php\/usinage\/","og_site_name":"Alu.fr","article_modified_time":"2025-09-03T09:11:52+00:00","og_image":[{"width":500,"height":367,"url":"https:\/\/alu.fr\/wp-content\/uploads\/2022\/11\/usinage.png","type":"image\/png"}],"twitter_card":"summary_large_image","twitter_misc":{"Dur\u00e9e de lecture estim\u00e9e":"1 minute"},"schema":{"@context":"https:\/\/schema.org","@graph":[{"@type":"WebPage","@id":"https:\/\/alu.fr\/index.php\/usinage\/","url":"https:\/\/alu.fr\/index.php\/usinage\/","name":"Usinage de pi\u00e8ces techniques - Alu.fr","isPartOf":{"@id":"https:\/\/alu.fr\/#website"},"primaryImageOfPage":{"@id":"https:\/\/alu.fr\/index.php\/usinage\/#primaryimage"},"image":{"@id":"https:\/\/alu.fr\/index.php\/usinage\/#primaryimage"},"thumbnailUrl":"https:\/\/alu.fr\/wp-content\/uploads\/2022\/11\/usinage.png","datePublished":"2022-10-31T17:02:02+00:00","dateModified":"2025-09-03T09:11:52+00:00","description":"Notre savoir en usinage 4, 5 et 6 axes offre une haute pr\u00e9cision pour vos pi\u00e8ces techniques en aluminium, Inconel, Monel et Inox r\u00e9fractaire.","breadcrumb":{"@id":"https:\/\/alu.fr\/index.php\/usinage\/#breadcrumb"},"inLanguage":"fr-FR","potentialAction":[{"@type":"ReadAction","target":["https:\/\/alu.fr\/index.php\/usinage\/"]}]},{"@type":"ImageObject","inLanguage":"fr-FR","@id":"https:\/\/alu.fr\/index.php\/usinage\/#primaryimage","url":"https:\/\/alu.fr\/wp-content\/uploads\/2022\/11\/usinage.png","contentUrl":"https:\/\/alu.fr\/wp-content\/uploads\/2022\/11\/usinage.png","width":500,"height":367,"caption":"Processus d'usinage de pi\u00e8ces"},{"@type":"BreadcrumbList","@id":"https:\/\/alu.fr\/index.php\/usinage\/#breadcrumb","itemListElement":[{"@type":"ListItem","position":1,"name":"Accueil","item":"https:\/\/alu.fr\/"},{"@type":"ListItem","position":2,"name":"Usinage"}]},{"@type":"WebSite","@id":"https:\/\/alu.fr\/#website","url":"https:\/\/alu.fr\/","name":"Alu Livry","description":"Conception de fonderie d&#039;alliage d&#039;aluminium, recommandation et optimisation","publisher":{"@id":"https:\/\/alu.fr\/#organization"},"potentialAction":[{"@type":"SearchAction","target":{"@type":"EntryPoint","urlTemplate":"https:\/\/alu.fr\/?s={search_term_string}"},"query-input":{"@type":"PropertyValueSpecification","valueRequired":true,"valueName":"search_term_string"}}],"inLanguage":"fr-FR"},{"@type":"Organization","@id":"https:\/\/alu.fr\/#organization","name":"Alu Livry","url":"https:\/\/alu.fr\/","logo":{"@type":"ImageObject","inLanguage":"fr-FR","@id":"https:\/\/alu.fr\/#\/schema\/logo\/image\/","url":"https:\/\/alu.fr\/wp-content\/uploads\/2022\/10\/logo-1.png","contentUrl":"https:\/\/alu.fr\/wp-content\/uploads\/2022\/10\/logo-1.png","width":135,"height":95,"caption":"Alu Livry"},"image":{"@id":"https:\/\/alu.fr\/#\/schema\/logo\/image\/"},"sameAs":["https:\/\/www.linkedin.com\/company\/alu-livry\/"]}]}},"_links":{"self":[{"href":"https:\/\/alu.fr\/index.php\/wp-json\/wp\/v2\/pages\/372","targetHints":{"allow":["GET"]}}],"collection":[{"href":"https:\/\/alu.fr\/index.php\/wp-json\/wp\/v2\/pages"}],"about":[{"href":"https:\/\/alu.fr\/index.php\/wp-json\/wp\/v2\/types\/page"}],"author":[{"embeddable":true,"href":"https:\/\/alu.fr\/index.php\/wp-json\/wp\/v2\/users\/1"}],"replies":[{"embeddable":true,"href":"https:\/\/alu.fr\/index.php\/wp-json\/wp\/v2\/comments?post=372"}],"version-history":[{"count":30,"href":"https:\/\/alu.fr\/index.php\/wp-json\/wp\/v2\/pages\/372\/revisions"}],"predecessor-version":[{"id":1433,"href":"https:\/\/alu.fr\/index.php\/wp-json\/wp\/v2\/pages\/372\/revisions\/1433"}],"wp:featuredmedia":[{"embeddable":true,"href":"https:\/\/alu.fr\/index.php\/wp-json\/wp\/v2\/media\/489"}],"wp:attachment":[{"href":"https:\/\/alu.fr\/index.php\/wp-json\/wp\/v2\/media?parent=372"}],"curies":[{"name":"wp","href":"https:\/\/api.w.org\/{rel}","templated":true}]}}