{"id":356,"date":"2022-10-31T17:36:22","date_gmt":"2022-10-31T16:36:22","guid":{"rendered":"http:\/\/alu.fr\/?page_id=356"},"modified":"2025-08-04T15:28:11","modified_gmt":"2025-08-04T13:28:11","slug":"alu-livry","status":"publish","type":"page","link":"https:\/\/alu.fr\/index.php\/entreprises\/alu-livry\/","title":{"rendered":"Alu Livry &#8211; Fonderie d&rsquo;Aluminium"},"content":{"rendered":"\n<div class=\"wp-block-columns alignfull has-nv-light-bg-background-color has-background is-layout-flex wp-container-core-columns-is-layout-9d6595d7 wp-block-columns-is-layout-flex\">\n<div class=\"wp-block-column is-vertically-aligned-center has-nv-light-bg-background-color has-background is-layout-flow wp-block-column-is-layout-flow\" style=\"flex-basis:50%\">\n<div class=\"wp-block-cover\" style=\"min-height:600px;aspect-ratio:unset;\"><span aria-hidden=\"true\" class=\"wp-block-cover__background has-nv-light-bg-background-color has-background-dim-100 has-background-dim\"><\/span><div class=\"wp-block-cover__inner-container is-layout-flow wp-block-cover-is-layout-flow\">\n<iframe loading=\"lazy\" src=\"https:\/\/www.google.com\/maps\/d\/embed?mid=1fsFv4okyuxuORv7LUKjhvwmvPBXBy0w&amp;ehbc=2E312F\" width=\"640\" height=\"480\" style=\"width: 100%;\"><\/iframe>\n<\/div><\/div>\n<\/div>\n\n\n\n<div class=\"wp-block-column is-vertically-aligned-center has-nv-light-bg-background-color has-background is-layout-flow wp-block-column-is-layout-flow\" style=\"padding-top:1em;padding-right:1em;padding-bottom:1em;padding-left:1em;flex-basis:50%\">\n<p class=\"has-large-font-size\"><br><strong>ALU LIVRY<\/strong> concentre ses activit\u00e9s sur:<\/p>\n\n\n\n<ul class=\"wp-block-list\">\n<li>la recherche et d\u00e9veloppement<\/li>\n\n\n\n<li>la conception et l&rsquo;\u00e9tude de moulage<\/li>\n\n\n\n<li>la mise au point des process<\/li>\n\n\n\n<li>la fabrication de pi\u00e8ces complexes et les productions robotis\u00e9es<\/li>\n\n\n\n<li>integration l&rsquo;usinage de la fonderie<\/li>\n\n\n\n<li>montage de sous-ensembles<\/li>\n<\/ul>\n\n\n\n<p><strong>Adresse:<\/strong><br>Z.A. rue Louis Braille<br>77178 Saint Pathus, France<\/p>\n\n\n\n<p><strong>TELEPHONE&nbsp;<\/strong>: <a href=\"tel:+33160013131\">+33 (0)1 60 01 31 31<\/a><br><strong>FAX&nbsp;<\/strong>: +33 (0)1 60 01 42 66<\/p>\n<\/div>\n<\/div>\n\n\n\n<div style=\"height:40px\" aria-hidden=\"true\" class=\"wp-block-spacer\"><\/div>\n\n\n\n<div class=\"wp-block-columns are-vertically-aligned-center is-layout-flex wp-container-core-columns-is-layout-9d6595d7 wp-block-columns-is-layout-flex\">\n<div class=\"wp-block-column is-vertically-aligned-center is-layout-flow wp-block-column-is-layout-flow\">\n<figure class=\"wp-block-image size-full\"><img loading=\"lazy\" decoding=\"async\" width=\"500\" height=\"500\" src=\"https:\/\/alu.fr\/wp-content\/uploads\/2022\/11\/cao4.png\" alt=\"\" class=\"wp-image-484\" srcset=\"https:\/\/alu.fr\/wp-content\/uploads\/2022\/11\/cao4.png 500w, https:\/\/alu.fr\/wp-content\/uploads\/2022\/11\/cao4-300x300.png 300w, https:\/\/alu.fr\/wp-content\/uploads\/2022\/11\/cao4-150x150.png 150w\" sizes=\"auto, (max-width: 500px) 100vw, 500px\" \/><\/figure>\n<\/div>\n\n\n\n<div class=\"wp-block-column is-vertically-aligned-center is-layout-flow wp-block-column-is-layout-flow\">\n<h3 class=\"wp-block-heading\"><strong>Moyens:<\/strong><\/h3>\n\n\n\n<h4 class=\"wp-block-heading\">ETUDES ET DEVELOPPEMENT:<\/h4>\n\n\n\n<ul class=\"wp-block-list\">\n<li>Conception des outillages en CAO sous PRO ENGINEER<\/li>\n\n\n\n<li>Conception de mat\u00e9riel et machines sp\u00e9ciales brevet\u00e9es<\/li>\n<\/ul>\n\n\n\n<div class=\"wp-block-buttons is-layout-flex wp-block-buttons-is-layout-flex\">\n<div class=\"wp-block-button is-style-default\" id=\"Conception\"><a class=\"wp-block-button__link wp-element-button\">En savoir plus<\/a><\/div>\n<\/div>\n\n\n\n<div style=\"height:40px\" aria-hidden=\"true\" class=\"wp-block-spacer\"><\/div>\n\n\n\n<h4 class=\"wp-block-heading\">STRUCTURE DE GESTION<\/h4>\n\n\n\n<ul class=\"wp-block-list\">\n<li>Service Export trilingue<\/li>\n\n\n\n<li>Gestion des commandes et de la production informatis\u00e9e sous GPAO en base de donn\u00e9es ACCESS<\/li>\n<\/ul>\n<\/div>\n<\/div>\n\n\n\n<div class=\"wp-block-columns has-nv-light-bg-background-color has-background is-layout-flex wp-container-core-columns-is-layout-9d6595d7 wp-block-columns-is-layout-flex\">\n<div class=\"wp-block-column is-vertically-aligned-center is-layout-flow wp-block-column-is-layout-flow\">\n<h3 class=\"wp-block-heading\"><strong>CONTROLE:<\/strong><\/h3>\n\n\n\n<ul class=\"wp-block-list\">\n<li>Analyse chimique spectrom\u00e9trique<\/li>\n\n\n\n<li>Contr\u00f4le porosit\u00e9 et densit\u00e9 par POROTEC<\/li>\n\n\n\n<li>Analyse durom\u00e9trique<\/li>\n\n\n\n<li>Analyse m\u00e9canique banc de traction 10 KN<\/li>\n\n\n\n<li>Contr\u00f4le tridimensionel 4 axes motoris\u00e9es<\/li>\n<\/ul>\n\n\n\n<div class=\"wp-block-buttons is-layout-flex wp-block-buttons-is-layout-flex\">\n<div class=\"wp-block-button is-style-default\" id=\"Qualit\u00e9\"><a class=\"wp-block-button__link wp-element-button\">En savoir plus<\/a><\/div>\n<\/div>\n<\/div>\n\n\n\n<div class=\"wp-block-column is-layout-flow wp-block-column-is-layout-flow\">\n<figure class=\"wp-block-image size-full\"><img loading=\"lazy\" decoding=\"async\" width=\"500\" height=\"500\" src=\"https:\/\/alu.fr\/wp-content\/uploads\/2022\/11\/qualite_alu.png\" alt=\"\" class=\"wp-image-481\" srcset=\"https:\/\/alu.fr\/wp-content\/uploads\/2022\/11\/qualite_alu.png 500w, https:\/\/alu.fr\/wp-content\/uploads\/2022\/11\/qualite_alu-300x300.png 300w, https:\/\/alu.fr\/wp-content\/uploads\/2022\/11\/qualite_alu-150x150.png 150w\" sizes=\"auto, (max-width: 500px) 100vw, 500px\" \/><\/figure>\n<\/div>\n<\/div>\n\n\n\n<div class=\"wp-block-columns is-layout-flex wp-container-core-columns-is-layout-9d6595d7 wp-block-columns-is-layout-flex\">\n<div class=\"wp-block-column is-layout-flow wp-block-column-is-layout-flow\">\n<figure class=\"wp-block-image size-full\"><img loading=\"lazy\" decoding=\"async\" width=\"500\" height=\"500\" src=\"https:\/\/alu.fr\/wp-content\/uploads\/2022\/11\/fonderie.png\" alt=\"\" class=\"wp-image-488\" srcset=\"https:\/\/alu.fr\/wp-content\/uploads\/2022\/11\/fonderie.png 500w, https:\/\/alu.fr\/wp-content\/uploads\/2022\/11\/fonderie-300x300.png 300w, https:\/\/alu.fr\/wp-content\/uploads\/2022\/11\/fonderie-150x150.png 150w\" sizes=\"auto, (max-width: 500px) 100vw, 500px\" \/><\/figure>\n<\/div>\n\n\n\n<div class=\"wp-block-column is-vertically-aligned-center is-layout-flow wp-block-column-is-layout-flow\">\n<h3 class=\"wp-block-heading\"><strong>FONDERIE:<\/strong><\/h3>\n\n\n\n<ul class=\"wp-block-list\">\n<li>22 Coquilleuses sur automate programmable avec contr\u00f4le de temp\u00e9ratures<\/li>\n\n\n\n<li>12 fours de maintien et 3 fours de fusion<\/li>\n\n\n\n<li>Traitement thermique int\u00e9gr\u00e9<\/li>\n\n\n\n<li>Sciage et \u00e9barbage robotis\u00e9s<\/li>\n<\/ul>\n\n\n\n<div class=\"wp-block-buttons is-layout-flex wp-block-buttons-is-layout-flex\">\n<div class=\"wp-block-button\"><a class=\"wp-block-button__link wp-element-button\" href=\"https:\/\/alu.fr\/index.php\/fonderies\/\">En savoir plus<\/a><\/div>\n<\/div>\n<\/div>\n<\/div>\n\n\n\n<div class=\"wp-block-columns are-vertically-aligned-center has-nv-light-bg-background-color has-background is-layout-flex wp-container-core-columns-is-layout-9d6595d7 wp-block-columns-is-layout-flex\">\n<div class=\"wp-block-column is-vertically-aligned-center is-layout-flow wp-block-column-is-layout-flow\">\n<h3 class=\"wp-block-heading\"><strong>USINAGE:<\/strong><\/h3>\n\n\n\n<ul class=\"wp-block-list\">\n<li>R\u00e9alisation des parcours sous MASTERCAM<\/li>\n\n\n\n<li>8 Centres d&rsquo;Usinage C.N. MAZAK-MIKRON-OKK-INTEGREX 4 et 5 axes<\/li>\n<\/ul>\n\n\n\n<div class=\"wp-block-buttons is-layout-flex wp-block-buttons-is-layout-flex\">\n<div class=\"wp-block-button\" id=\"Usinage\"><a class=\"wp-block-button__link wp-element-button\">En savoir plus<\/a><\/div>\n<\/div>\n\n\n\n<div style=\"height:40px\" aria-hidden=\"true\" class=\"wp-block-spacer\"><\/div>\n\n\n\n<h3 class=\"wp-block-heading\"><strong>ASSEMBLAGE:<\/strong><\/h3>\n\n\n\n<ul class=\"wp-block-list\">\n<li>Cha\u00eenes et Postes de montage de sous-ensembles<\/li>\n<\/ul>\n<\/div>\n\n\n\n<div class=\"wp-block-column is-vertically-aligned-center is-layout-flow wp-block-column-is-layout-flow\">\n<figure class=\"wp-block-image size-full\"><img loading=\"lazy\" decoding=\"async\" width=\"500\" height=\"367\" src=\"https:\/\/alu.fr\/wp-content\/uploads\/2022\/11\/usinage.png\" alt=\"\" class=\"wp-image-489\" srcset=\"https:\/\/alu.fr\/wp-content\/uploads\/2022\/11\/usinage.png 500w, https:\/\/alu.fr\/wp-content\/uploads\/2022\/11\/usinage-300x220.png 300w\" sizes=\"auto, (max-width: 500px) 100vw, 500px\" \/><\/figure>\n<\/div>\n<\/div>\n\n\n\n<div style=\"height:80px\" aria-hidden=\"true\" class=\"wp-block-spacer\"><\/div>\n\n\n\n<style class=\"next-previous-btns-sibling\">\n  .next-previous-btns-sibling ~ * .wp-block-button__link.wp-element-button {\n    font-size: 1.125em;\n  }\n<\/style>\n\n\n\n<div class=\"wp-block-columns is-layout-flex wp-container-core-columns-is-layout-9d6595d7 wp-block-columns-is-layout-flex\">\n<div class=\"wp-block-column is-layout-flow wp-block-column-is-layout-flow\">\n<div class=\"wp-block-buttons is-layout-flex wp-block-buttons-is-layout-flex\">\n<div class=\"wp-block-button\"><a class=\"wp-block-button__link wp-element-button\" href=\"https:\/\/www.scala-mecanique.com\/\" target=\"_blank\" rel=\"noreferrer noopener\">\u2190 Scala &#8211; Usinage en s\u00e9rie<\/a><\/div>\n<\/div>\n<\/div>\n\n\n\n<div class=\"wp-block-column is-layout-flow wp-block-column-is-layout-flow\">\n<div class=\"wp-block-buttons is-content-justification-right is-layout-flex wp-container-core-buttons-is-layout-765c4724 wp-block-buttons-is-layout-flex\">\n<div class=\"wp-block-button\"><a class=\"wp-block-button__link wp-element-button\" href=\"https:\/\/alu.fr\/index.php\/iso-mecanique\/\">Isomecanique &#8211; Usinage \u2192<\/a><\/div>\n<\/div>\n<\/div>\n<\/div>\n\n\n\n<div style=\"height:60px\" aria-hidden=\"true\" class=\"wp-block-spacer\"><\/div>\n\n\n\n<p><\/p>\n","protected":false},"excerpt":{"rendered":"<p>ALU LIVRY concentre ses activit\u00e9s sur: Adresse:Z.A. rue Louis Braille77178 Saint Pathus, France TELEPHONE&nbsp;: +33 (0)1 60 01 31 31FAX&nbsp;: +33 (0)1 60 01 42 66 Moyens: ETUDES ET DEVELOPPEMENT: STRUCTURE DE GESTION CONTROLE: FONDERIE: USINAGE: ASSEMBLAGE:<\/p>\n","protected":false},"author":1,"featured_media":0,"parent":354,"menu_order":0,"comment_status":"closed","ping_status":"closed","template":"","meta":{"neve_meta_sidebar":"","neve_meta_container":"","neve_meta_enable_content_width":"","neve_meta_content_width":0,"neve_meta_title_alignment":"","neve_meta_author_avatar":"","neve_post_elements_order":"","neve_meta_disable_header":"","neve_meta_disable_footer":"","neve_meta_disable_title":"","footnotes":""},"class_list":["post-356","page","type-page","status-publish","hentry"],"yoast_head":"<!-- This site is optimized with the Yoast SEO plugin v25.6 - https:\/\/yoast.com\/wordpress\/plugins\/seo\/ -->\n<title>Alu Livry - Fonderie d&#039;Aluminium - Alu.fr<\/title>\n<meta name=\"description\" content=\"Fonderie, fonderie aluminium, fonderie coquille, fonderie sable, fonderie Alu-Livry, alliages legers, fonderie aluminium par gravite, fonderie aluminium coquille, fonderie\" \/>\n<meta name=\"robots\" content=\"index, follow, max-snippet:-1, max-image-preview:large, max-video-preview:-1\" \/>\n<link rel=\"canonical\" href=\"https:\/\/alu.fr\/index.php\/entreprises\/alu-livry\/\" \/>\n<meta property=\"og:locale\" content=\"fr_FR\" \/>\n<meta property=\"og:type\" content=\"article\" \/>\n<meta property=\"og:title\" content=\"Alu Livry - Fonderie d&#039;Aluminium - Alu.fr\" \/>\n<meta property=\"og:description\" content=\"Fonderie, fonderie aluminium, fonderie coquille, fonderie sable, fonderie Alu-Livry, alliages legers, fonderie aluminium par gravite, fonderie aluminium coquille, fonderie\" \/>\n<meta property=\"og:url\" content=\"https:\/\/alu.fr\/index.php\/entreprises\/alu-livry\/\" \/>\n<meta property=\"og:site_name\" content=\"Alu.fr\" \/>\n<meta property=\"article:modified_time\" content=\"2025-08-04T13:28:11+00:00\" \/>\n<meta property=\"og:image\" content=\"http:\/\/alu.fr\/wp-content\/uploads\/2022\/11\/cao4.png\" \/>\n<meta name=\"twitter:card\" content=\"summary_large_image\" \/>\n<meta name=\"twitter:label1\" content=\"Dur\u00e9e de lecture estim\u00e9e\" \/>\n\t<meta name=\"twitter:data1\" content=\"2 minutes\" \/>\n<script type=\"application\/ld+json\" class=\"yoast-schema-graph\">{\"@context\":\"https:\/\/schema.org\",\"@graph\":[{\"@type\":\"WebPage\",\"@id\":\"https:\/\/alu.fr\/index.php\/entreprises\/alu-livry\/\",\"url\":\"https:\/\/alu.fr\/index.php\/entreprises\/alu-livry\/\",\"name\":\"Alu Livry - Fonderie d'Aluminium - Alu.fr\",\"isPartOf\":{\"@id\":\"https:\/\/alu.fr\/#website\"},\"primaryImageOfPage\":{\"@id\":\"https:\/\/alu.fr\/index.php\/entreprises\/alu-livry\/#primaryimage\"},\"image\":{\"@id\":\"https:\/\/alu.fr\/index.php\/entreprises\/alu-livry\/#primaryimage\"},\"thumbnailUrl\":\"http:\/\/alu.fr\/wp-content\/uploads\/2022\/11\/cao4.png\",\"datePublished\":\"2022-10-31T16:36:22+00:00\",\"dateModified\":\"2025-08-04T13:28:11+00:00\",\"description\":\"Fonderie, fonderie aluminium, fonderie coquille, fonderie sable, fonderie Alu-Livry, alliages legers, fonderie aluminium par gravite, fonderie aluminium coquille, fonderie\",\"breadcrumb\":{\"@id\":\"https:\/\/alu.fr\/index.php\/entreprises\/alu-livry\/#breadcrumb\"},\"inLanguage\":\"fr-FR\",\"potentialAction\":[{\"@type\":\"ReadAction\",\"target\":[\"https:\/\/alu.fr\/index.php\/entreprises\/alu-livry\/\"]}]},{\"@type\":\"ImageObject\",\"inLanguage\":\"fr-FR\",\"@id\":\"https:\/\/alu.fr\/index.php\/entreprises\/alu-livry\/#primaryimage\",\"url\":\"http:\/\/alu.fr\/wp-content\/uploads\/2022\/11\/cao4.png\",\"contentUrl\":\"http:\/\/alu.fr\/wp-content\/uploads\/2022\/11\/cao4.png\"},{\"@type\":\"BreadcrumbList\",\"@id\":\"https:\/\/alu.fr\/index.php\/entreprises\/alu-livry\/#breadcrumb\",\"itemListElement\":[{\"@type\":\"ListItem\",\"position\":1,\"name\":\"Accueil\",\"item\":\"https:\/\/alu.fr\/\"},{\"@type\":\"ListItem\",\"position\":2,\"name\":\"Notre groupe\",\"item\":\"https:\/\/alu.fr\/index.php\/entreprises\/\"},{\"@type\":\"ListItem\",\"position\":3,\"name\":\"Alu Livry &#8211; Fonderie d&rsquo;Aluminium\"}]},{\"@type\":\"WebSite\",\"@id\":\"https:\/\/alu.fr\/#website\",\"url\":\"https:\/\/alu.fr\/\",\"name\":\"Alu Livry\",\"description\":\"Conception de fonderie d&#039;alliage d&#039;aluminium, recommandation et optimisation\",\"publisher\":{\"@id\":\"https:\/\/alu.fr\/#organization\"},\"potentialAction\":[{\"@type\":\"SearchAction\",\"target\":{\"@type\":\"EntryPoint\",\"urlTemplate\":\"https:\/\/alu.fr\/?s={search_term_string}\"},\"query-input\":{\"@type\":\"PropertyValueSpecification\",\"valueRequired\":true,\"valueName\":\"search_term_string\"}}],\"inLanguage\":\"fr-FR\"},{\"@type\":\"Organization\",\"@id\":\"https:\/\/alu.fr\/#organization\",\"name\":\"Alu Livry\",\"url\":\"https:\/\/alu.fr\/\",\"logo\":{\"@type\":\"ImageObject\",\"inLanguage\":\"fr-FR\",\"@id\":\"https:\/\/alu.fr\/#\/schema\/logo\/image\/\",\"url\":\"https:\/\/alu.fr\/wp-content\/uploads\/2022\/10\/logo-1.png\",\"contentUrl\":\"https:\/\/alu.fr\/wp-content\/uploads\/2022\/10\/logo-1.png\",\"width\":135,\"height\":95,\"caption\":\"Alu Livry\"},\"image\":{\"@id\":\"https:\/\/alu.fr\/#\/schema\/logo\/image\/\"},\"sameAs\":[\"https:\/\/www.linkedin.com\/company\/alu-livry\/\"]}]}<\/script>\n<!-- \/ Yoast SEO plugin. -->","yoast_head_json":{"title":"Alu Livry - Fonderie d'Aluminium - Alu.fr","description":"Fonderie, fonderie aluminium, fonderie coquille, fonderie sable, fonderie Alu-Livry, alliages legers, fonderie aluminium par gravite, fonderie aluminium coquille, fonderie","robots":{"index":"index","follow":"follow","max-snippet":"max-snippet:-1","max-image-preview":"max-image-preview:large","max-video-preview":"max-video-preview:-1"},"canonical":"https:\/\/alu.fr\/index.php\/entreprises\/alu-livry\/","og_locale":"fr_FR","og_type":"article","og_title":"Alu Livry - Fonderie d'Aluminium - Alu.fr","og_description":"Fonderie, fonderie aluminium, fonderie coquille, fonderie sable, fonderie Alu-Livry, alliages legers, fonderie aluminium par gravite, fonderie aluminium coquille, fonderie","og_url":"https:\/\/alu.fr\/index.php\/entreprises\/alu-livry\/","og_site_name":"Alu.fr","article_modified_time":"2025-08-04T13:28:11+00:00","og_image":[{"url":"http:\/\/alu.fr\/wp-content\/uploads\/2022\/11\/cao4.png","type":"","width":"","height":""}],"twitter_card":"summary_large_image","twitter_misc":{"Dur\u00e9e de lecture estim\u00e9e":"2 minutes"},"schema":{"@context":"https:\/\/schema.org","@graph":[{"@type":"WebPage","@id":"https:\/\/alu.fr\/index.php\/entreprises\/alu-livry\/","url":"https:\/\/alu.fr\/index.php\/entreprises\/alu-livry\/","name":"Alu Livry - Fonderie d'Aluminium - Alu.fr","isPartOf":{"@id":"https:\/\/alu.fr\/#website"},"primaryImageOfPage":{"@id":"https:\/\/alu.fr\/index.php\/entreprises\/alu-livry\/#primaryimage"},"image":{"@id":"https:\/\/alu.fr\/index.php\/entreprises\/alu-livry\/#primaryimage"},"thumbnailUrl":"http:\/\/alu.fr\/wp-content\/uploads\/2022\/11\/cao4.png","datePublished":"2022-10-31T16:36:22+00:00","dateModified":"2025-08-04T13:28:11+00:00","description":"Fonderie, fonderie aluminium, fonderie coquille, fonderie sable, fonderie Alu-Livry, alliages legers, fonderie aluminium par gravite, fonderie aluminium coquille, fonderie","breadcrumb":{"@id":"https:\/\/alu.fr\/index.php\/entreprises\/alu-livry\/#breadcrumb"},"inLanguage":"fr-FR","potentialAction":[{"@type":"ReadAction","target":["https:\/\/alu.fr\/index.php\/entreprises\/alu-livry\/"]}]},{"@type":"ImageObject","inLanguage":"fr-FR","@id":"https:\/\/alu.fr\/index.php\/entreprises\/alu-livry\/#primaryimage","url":"http:\/\/alu.fr\/wp-content\/uploads\/2022\/11\/cao4.png","contentUrl":"http:\/\/alu.fr\/wp-content\/uploads\/2022\/11\/cao4.png"},{"@type":"BreadcrumbList","@id":"https:\/\/alu.fr\/index.php\/entreprises\/alu-livry\/#breadcrumb","itemListElement":[{"@type":"ListItem","position":1,"name":"Accueil","item":"https:\/\/alu.fr\/"},{"@type":"ListItem","position":2,"name":"Notre groupe","item":"https:\/\/alu.fr\/index.php\/entreprises\/"},{"@type":"ListItem","position":3,"name":"Alu Livry &#8211; Fonderie d&rsquo;Aluminium"}]},{"@type":"WebSite","@id":"https:\/\/alu.fr\/#website","url":"https:\/\/alu.fr\/","name":"Alu Livry","description":"Conception de fonderie d&#039;alliage d&#039;aluminium, recommandation et optimisation","publisher":{"@id":"https:\/\/alu.fr\/#organization"},"potentialAction":[{"@type":"SearchAction","target":{"@type":"EntryPoint","urlTemplate":"https:\/\/alu.fr\/?s={search_term_string}"},"query-input":{"@type":"PropertyValueSpecification","valueRequired":true,"valueName":"search_term_string"}}],"inLanguage":"fr-FR"},{"@type":"Organization","@id":"https:\/\/alu.fr\/#organization","name":"Alu Livry","url":"https:\/\/alu.fr\/","logo":{"@type":"ImageObject","inLanguage":"fr-FR","@id":"https:\/\/alu.fr\/#\/schema\/logo\/image\/","url":"https:\/\/alu.fr\/wp-content\/uploads\/2022\/10\/logo-1.png","contentUrl":"https:\/\/alu.fr\/wp-content\/uploads\/2022\/10\/logo-1.png","width":135,"height":95,"caption":"Alu Livry"},"image":{"@id":"https:\/\/alu.fr\/#\/schema\/logo\/image\/"},"sameAs":["https:\/\/www.linkedin.com\/company\/alu-livry\/"]}]}},"_links":{"self":[{"href":"https:\/\/alu.fr\/index.php\/wp-json\/wp\/v2\/pages\/356","targetHints":{"allow":["GET"]}}],"collection":[{"href":"https:\/\/alu.fr\/index.php\/wp-json\/wp\/v2\/pages"}],"about":[{"href":"https:\/\/alu.fr\/index.php\/wp-json\/wp\/v2\/types\/page"}],"author":[{"embeddable":true,"href":"https:\/\/alu.fr\/index.php\/wp-json\/wp\/v2\/users\/1"}],"replies":[{"embeddable":true,"href":"https:\/\/alu.fr\/index.php\/wp-json\/wp\/v2\/comments?post=356"}],"version-history":[{"count":58,"href":"https:\/\/alu.fr\/index.php\/wp-json\/wp\/v2\/pages\/356\/revisions"}],"predecessor-version":[{"id":1143,"href":"https:\/\/alu.fr\/index.php\/wp-json\/wp\/v2\/pages\/356\/revisions\/1143"}],"up":[{"embeddable":true,"href":"https:\/\/alu.fr\/index.php\/wp-json\/wp\/v2\/pages\/354"}],"wp:attachment":[{"href":"https:\/\/alu.fr\/index.php\/wp-json\/wp\/v2\/media?parent=356"}],"curies":[{"name":"wp","href":"https:\/\/api.w.org\/{rel}","templated":true}]}}